{"id":428,"date":"2025-05-26T06:42:40","date_gmt":"2025-05-26T06:42:40","guid":{"rendered":"https:\/\/liberadicreare.com\/blog\/?page_id=428"},"modified":"2025-05-26T06:42:40","modified_gmt":"2025-05-26T06:42:40","slug":"il-libro","status":"publish","type":"page","link":"https:\/\/www.liberadicreare.com\/blog\/il-libro\/","title":{"rendered":"IL LIBRO"},"content":{"rendered":"\n<p class=\"has-text-align-center has-luminous-vivid-amber-background-color has-background\" style=\"font-size:35px\"><strong>Le recensioni<\/strong><\/p>\n\n\n\n<p class=\"has-medium-font-size\"><strong>\u201cIl bacio dell\u2019anima\u201d di Debora Scarico \u00e8 un fantasy breve ma molto intenso.<\/strong><\/p>\n\n\n\n<p class=\"has-text-align-left\" style=\"font-size:16px\"><br>Mi sono buttata a capofitto nella lettura di questa storia, complice la trama accattivante, e non me ne sono pentita, anzi!!!<br>Una lettura piacevole, uno stile semplice, scorrevole e profondo.<br>La protagonista di questa storia si ritrova improvvisamente in un nuovo mondo in cui la sua figura sar\u00e0 importante e fondamentale per le sorti del futuro delle popolazioni.<br>Il regno \u00e8 infatti in pericolo e lei \u00e8 la chiave per la salvezza definitiva.<br>Tanti personaggi, buoni e cattivi, si intrecciano tra loro magistralmente creando una tensione nel lettore e la voglia di andare avanti sempre di pi\u00f9.<br>Il libro presenta delle bellissime illustrazioni che rendono tutto pi\u00f9 immersivo e delle schede dei personaggi fatte benissimo.<br>Valori come amicizia, coraggio, speranza, amore si fondono tra di loro dando vita ad una emozionante e magica narrazione.<\/p>\n\n\n\n<p class=\"has-text-align-left\" style=\"font-size:16px\"><br>Lo consiglio moltissimo.<br><strong>Agnese<\/strong><\/p>\n\n\n\n<figure class=\"wp-block-embed is-type-video is-provider-youtube wp-block-embed-youtube wp-embed-aspect-16-9 wp-has-aspect-ratio\"><div class=\"wp-block-embed__wrapper\">\n<iframe loading=\"lazy\" title=\"RECENSIONE: IL BACIO DELL&#039;ANIMA \ud83d\ude0a\" width=\"760\" height=\"428\" src=\"https:\/\/www.youtube.com\/embed\/l1wccTpnvd4?feature=oembed\" frameborder=\"0\" allow=\"accelerometer; autoplay; clipboard-write; encrypted-media; gyroscope; picture-in-picture; web-share\" referrerpolicy=\"strict-origin-when-cross-origin\" allowfullscreen><\/iframe>\n<\/div><\/figure>\n\n\n\n<p class=\"has-text-align-center\"><strong>Testo di Ivo De Palma (doppiatore).<\/strong><\/p>\n\n\n\n<p><strong>Con la mia voce, un brevissimo estratto dal romanzo IL BACIO DELL\u2019ANIMA, dell\u2019illustratrice e cara amica Debora Scarico, in arte \u201cLibera di Creare\u201d.<\/strong><br>Con stile lineare\u00a0 e accessibile a tutti, Debora ripercorre l\u2019archetipo fantasy del predestinato, inizialmente ignaro del proprio destino e del senso che ha la propria esistenza.<br>Ed \u00e8 proprio il momento di crisi, di perdita del senso esistenziale, a favorire l\u2019emergere prepotente e inquietante di una verit\u00e0 e di un senso \u201caltri\u201d, in cui le carte del gioco delle vita precedente vengono sparigliate e bisogna reimparare a vivere, cio\u00e8 rinascere attraverso un percorso di nuova consapevolezza.<br>Un cammino iniziatico difficoltoso, ma reso pi\u00f9 agevole dalla provvidenziale presenza amica di altri personaggi, conosciuti per via.<br>Non manca, naturalmente, il potente antagonista, in questo caso addirittura imparentato con l\u2019eroina della situazione e posseduto da un demone implacabile e crudele.<\/p>\n\n\n\n<figure class=\"wp-block-embed is-type-video is-provider-youtube wp-block-embed-youtube wp-embed-aspect-16-9 wp-has-aspect-ratio\"><div class=\"wp-block-embed__wrapper\">\n<iframe loading=\"lazy\" title=\"Wow! Fantastico! \ud83e\udd29\ud83e\udd29\ud83e\udd29Grazie mille al carissimo Ivo De Palma per questa meravigliosa sorpresa \ud83d\udda4\" width=\"563\" height=\"1000\" src=\"https:\/\/www.youtube.com\/embed\/8BTnoZgksnA?feature=oembed\" frameborder=\"0\" allow=\"accelerometer; autoplay; clipboard-write; encrypted-media; gyroscope; picture-in-picture; web-share\" referrerpolicy=\"strict-origin-when-cross-origin\" allowfullscreen><\/iframe>\n<\/div><\/figure>\n\n\n\n<p class=\"has-text-align-center has-luminous-vivid-amber-background-color has-background\" style=\"font-size:40px\"><strong>Dove \u00e8 possibile acquistarlo ?<\/strong><\/p>\n\n\n\n<p style=\"font-size:25px\">Il mio libro, &#8220;IL BACIO DELL&#8217;ANIMA lo potete acquistare su :<\/p>\n\n\n\n<ul class=\"wp-block-list\">\n<li style=\"font-size:40px\"><a href=\"https:\/\/www.amazon.it\/bacio-dellanima-Debora-Scarico\/dp\/B0F46FYK8C\/ref=sr_1_1?adgrpid=55340729009&amp;dib=eyJ2IjoiMSJ9.feQgASGL7bIjhYy7Rr45xxGSQ215nf7P4o3Ew-rwqgbReIbQyRxyuoMCgMKEexu0NgO2eDNaJd2-zMAoA7Oyjr285nh1BoNQpbY2Gmd-huNhZ4NE981Z3goYnOMXUxuo71M8bmZ-vs51BRUsZFOedVrCSd6qGl5ZjHS1Uk6Rr4z58m-A4sjQAg3UcPet1I55bI93Q3FUUayzrE-LpexZMU7VV2WHxClA-sk7KuREiAaIDdY18TayZr05bSPGlejs-_bT5-qOYnwxg-wQ1zM_lUfVW5aaYh_8z5_1wp4iNZ0.uYJYE4SOIap19p9SncYwbe-ezFJ1BJ-02hqrnxXoPIo&amp;dib_tag=se&amp;hvadid=255182746992&amp;hvdev=c&amp;hvexpln=0&amp;hvlocphy=1008408&amp;hvnetw=g&amp;hvocijid=9015293512415652804--&amp;hvqmt=b&amp;hvrand=9015293512415652804&amp;hvtargid=kwd-2416191899710&amp;hydadcr=28427_1801218&amp;keywords=il+bacio+dell%27anima&amp;mcid=b0a0921a7e1d36159e176c285c2a9dd2&amp;qid=1748241486&amp;sr=8-1\" target=\"_blank\" rel=\"noreferrer noopener\"><strong>AMAZON<\/strong><\/a><\/li>\n\n\n\n<li style=\"font-size:40px\"><a href=\"https:\/\/pabeditore.com\/prodotto\/il-bacio-dellanima\/\" target=\"_blank\" rel=\"noreferrer noopener\"><strong>PABEDITORE<\/strong><\/a><\/li>\n\n\n\n<li style=\"font-size:40px\"><a href=\"https:\/\/www.ibs.it\/bacio-dell-anima-libro-debora-scarico\/e\/9791281949539?queryId=b805d3a8febd26d6b67bf3b7e1065d4d\" target=\"_blank\" rel=\"noreferrer noopener\"><strong>IBS<\/strong><\/a><\/li>\n<\/ul>\n\n\n\n<p><\/p>\n","protected":false},"excerpt":{"rendered":"<p>Le recensioni \u201cIl bacio dell\u2019anima\u201d di Debora Scarico \u00e8 un fantasy breve ma molto intenso. Mi sono buttata a capofitto nella lettura di questa storia, complice la trama accattivante, e non me ne sono pentita, anzi!!!Una lettura piacevole, uno stile semplice, scorrevole e profondo.La protagonista di questa storia si ritrova improvvisamente in un nuovo mondo<\/p>\n<p class=\"more-link-wrapper\"><a href=\"https:\/\/www.liberadicreare.com\/blog\/il-libro\/\" class=\"more-link\">Continua a leggere<span class=\"screen-reader-text\"> &#8220;IL LIBRO&#8221;<\/span><\/a><\/p>\n","protected":false},"author":1,"featured_media":0,"parent":0,"menu_order":0,"comment_status":"closed","ping_status":"closed","template":"","meta":{"footnotes":""},"class_list":["post-428","page","type-page","status-publish","hentry"],"_links":{"self":[{"href":"https:\/\/www.liberadicreare.com\/blog\/wp-json\/wp\/v2\/pages\/428","targetHints":{"allow":["GET"]}}],"collection":[{"href":"https:\/\/www.liberadicreare.com\/blog\/wp-json\/wp\/v2\/pages"}],"about":[{"href":"https:\/\/www.liberadicreare.com\/blog\/wp-json\/wp\/v2\/types\/page"}],"author":[{"embeddable":true,"href":"https:\/\/www.liberadicreare.com\/blog\/wp-json\/wp\/v2\/users\/1"}],"replies":[{"embeddable":true,"href":"https:\/\/www.liberadicreare.com\/blog\/wp-json\/wp\/v2\/comments?post=428"}],"version-history":[{"count":0,"href":"https:\/\/www.liberadicreare.com\/blog\/wp-json\/wp\/v2\/pages\/428\/revisions"}],"wp:attachment":[{"href":"https:\/\/www.liberadicreare.com\/blog\/wp-json\/wp\/v2\/media?parent=428"}],"curies":[{"name":"wp","href":"https:\/\/api.w.org\/{rel}","templated":true}]}}

<p class="has-text-align-center has-luminous-vivid-amber-background-color has-background" style="font-size:35px"><strong>Le recensioni</strong></p>



<p class="has-medium-font-size"><strong>“Il bacio dell’anima” di Debora Scarico è un fantasy breve ma molto intenso.</strong></p>



<p class="has-text-align-left" style="font-size:16px"><br>Mi sono buttata a capofitto nella lettura di questa storia, complice la trama accattivante, e non me ne sono pentita, anzi!!!<br>Una lettura piacevole, uno stile semplice, scorrevole e profondo.<br>La protagonista di questa storia si ritrova improvvisamente in un nuovo mondo in cui la sua figura sarà importante e fondamentale per le sorti del futuro delle popolazioni.<br>Il regno è infatti in pericolo e lei è la chiave per la salvezza definitiva.<br>Tanti personaggi, buoni e cattivi, si intrecciano tra loro magistralmente creando una tensione nel lettore e la voglia di andare avanti sempre di più.<br>Il libro presenta delle bellissime illustrazioni che rendono tutto più immersivo e delle schede dei personaggi fatte benissimo.<br>Valori come amicizia, coraggio, speranza, amore si fondono tra di loro dando vita ad una emozionante e magica narrazione.</p>



<p class="has-text-align-left" style="font-size:16px"><br>Lo consiglio moltissimo.<br><strong>Agnese</strong></p>



<figure class="wp-block-embed is-type-video is-provider-youtube wp-block-embed-youtube wp-embed-aspect-16-9 wp-has-aspect-ratio"><div class="wp-block-embed__wrapper">
<iframe loading="lazy" title="RECENSIONE: IL BACIO DELL&#039;ANIMA 😊" width="760" height="428" src="https://www.youtube.com/embed/l1wccTpnvd4?feature=oembed" frameborder="0" allow="accelerometer; autoplay; clipboard-write; encrypted-media; gyroscope; picture-in-picture; web-share" referrerpolicy="strict-origin-when-cross-origin" allowfullscreen></iframe>
</div></figure>



<p class="has-text-align-center"><strong>Testo di Ivo De Palma (doppiatore).</strong></p>



<p><strong>Con la mia voce, un brevissimo estratto dal romanzo IL BACIO DELL’ANIMA, dell’illustratrice e cara amica Debora Scarico, in arte “Libera di Creare”.</strong><br>Con stile lineare  e accessibile a tutti, Debora ripercorre l’archetipo fantasy del predestinato, inizialmente ignaro del proprio destino e del senso che ha la propria esistenza.<br>Ed è proprio il momento di crisi, di perdita del senso esistenziale, a favorire l’emergere prepotente e inquietante di una verità e di un senso “altri”, in cui le carte del gioco delle vita precedente vengono sparigliate e bisogna reimparare a vivere, cioè rinascere attraverso un percorso di nuova consapevolezza.<br>Un cammino iniziatico difficoltoso, ma reso più agevole dalla provvidenziale presenza amica di altri personaggi, conosciuti per via.<br>Non manca, naturalmente, il potente antagonista, in questo caso addirittura imparentato con l’eroina della situazione e posseduto da un demone implacabile e crudele.</p>



<figure class="wp-block-embed is-type-video is-provider-youtube wp-block-embed-youtube wp-embed-aspect-16-9 wp-has-aspect-ratio"><div class="wp-block-embed__wrapper">
<iframe loading="lazy" title="Wow! Fantastico! 🤩🤩🤩Grazie mille al carissimo Ivo De Palma per questa meravigliosa sorpresa 🖤" width="563" height="1000" src="https://www.youtube.com/embed/8BTnoZgksnA?feature=oembed" frameborder="0" allow="accelerometer; autoplay; clipboard-write; encrypted-media; gyroscope; picture-in-picture; web-share" referrerpolicy="strict-origin-when-cross-origin" allowfullscreen></iframe>
</div></figure>



<p class="has-text-align-center has-luminous-vivid-amber-background-color has-background" style="font-size:40px"><strong>Dove è possibile acquistarlo ?</strong></p>



<p style="font-size:25px">Il mio libro, &#8220;IL BACIO DELL&#8217;ANIMA lo potete acquistare su :</p>



<ul class="wp-block-list">
<li style="font-size:40px"><a href="https://www.amazon.it/bacio-dellanima-Debora-Scarico/dp/B0F46FYK8C/ref=sr_1_1?adgrpid=55340729009&amp;dib=eyJ2IjoiMSJ9.feQgASGL7bIjhYy7Rr45xxGSQ215nf7P4o3Ew-rwqgbReIbQyRxyuoMCgMKEexu0NgO2eDNaJd2-zMAoA7Oyjr285nh1BoNQpbY2Gmd-huNhZ4NE981Z3goYnOMXUxuo71M8bmZ-vs51BRUsZFOedVrCSd6qGl5ZjHS1Uk6Rr4z58m-A4sjQAg3UcPet1I55bI93Q3FUUayzrE-LpexZMU7VV2WHxClA-sk7KuREiAaIDdY18TayZr05bSPGlejs-_bT5-qOYnwxg-wQ1zM_lUfVW5aaYh_8z5_1wp4iNZ0.uYJYE4SOIap19p9SncYwbe-ezFJ1BJ-02hqrnxXoPIo&amp;dib_tag=se&amp;hvadid=255182746992&amp;hvdev=c&amp;hvexpln=0&amp;hvlocphy=1008408&amp;hvnetw=g&amp;hvocijid=9015293512415652804--&amp;hvqmt=b&amp;hvrand=9015293512415652804&amp;hvtargid=kwd-2416191899710&amp;hydadcr=28427_1801218&amp;keywords=il+bacio+dell%27anima&amp;mcid=b0a0921a7e1d36159e176c285c2a9dd2&amp;qid=1748241486&amp;sr=8-1" target="_blank" rel="noreferrer noopener"><strong>AMAZON</strong></a></li>



<li style="font-size:40px"><a href="https://pabeditore.com/prodotto/il-bacio-dellanima/" target="_blank" rel="noreferrer noopener"><strong>PABEDITORE</strong></a></li>



<li style="font-size:40px"><a href="https://www.ibs.it/bacio-dell-anima-libro-debora-scarico/e/9791281949539?queryId=b805d3a8febd26d6b67bf3b7e1065d4d" target="_blank" rel="noreferrer noopener"><strong>IBS</strong></a></li>
</ul>



<p></p>

<p>Le recensioni “Il bacio dell’anima” di Debora Scarico è un fantasy breve ma molto intenso. Mi sono buttata a capofitto nella lettura di questa storia, complice la trama accattivante, e non me ne sono pentita, anzi!!!Una lettura piacevole, uno stile semplice, scorrevole e profondo.La protagonista di questa storia si ritrova improvvisamente in un nuovo mondo</p>
<p class="more-link-wrapper"><a href="https://www.liberadicreare.com/blog/il-libro/" class="more-link">Continua a leggere<span class="screen-reader-text"> &#8220;IL LIBRO&#8221;</span></a></p>
